{"id":2,"date":"2021-02-09T12:24:08","date_gmt":"2021-02-09T12:24:08","guid":{"rendered":"http:\/\/collectiupenjam.com\/?page_id=2"},"modified":"2023-02-11T12:16:21","modified_gmt":"2023-02-11T12:16:21","slug":"penjam","status":"publish","type":"page","link":"http:\/\/collectiupenjam.com\/index.php\/penjam\/","title":{"rendered":"PenJa&#8217;m"},"content":{"rendered":"<blockquote>\n<div id='gallery-1' class='gallery galleryid-2 gallery-columns-3 gallery-size-thumbnail'><figure class='gallery-item'>\n\t\t\t<div class='gallery-icon landscape'>\n\t\t\t\t<a href='http:\/\/collectiupenjam.com\/penjam_fdh_enero2020-3-jpg\/'><img width=\"150\" height=\"150\" src=\"http:\/\/collectiupenjam.com\/wp-content\/uploads\/2023\/02\/penjam_fdh_enero2020-3-150x150.jpg\" class=\"attachment-thumbnail size-thumbnail\" alt=\"\" decoding=\"async\" loading=\"lazy\" \/><\/a>\n\t\t\t<\/div><\/figure><figure class='gallery-item'>\n\t\t\t<div class='gallery-icon landscape'>\n\t\t\t\t<a href='http:\/\/collectiupenjam.com\/penjam_fdh_enero2020-19-jpg\/'><img width=\"150\" height=\"150\" src=\"http:\/\/collectiupenjam.com\/wp-content\/uploads\/2023\/02\/penjam_fdh_enero2020-19-150x150.jpg\" class=\"attachment-thumbnail size-thumbnail\" alt=\"\" decoding=\"async\" loading=\"lazy\" \/><\/a>\n\t\t\t<\/div><\/figure><figure class='gallery-item'>\n\t\t\t<div class='gallery-icon landscape'>\n\t\t\t\t<a href='http:\/\/collectiupenjam.com\/penjam_fdh_enero2020-26-jpg\/'><img width=\"150\" height=\"150\" src=\"http:\/\/collectiupenjam.com\/wp-content\/uploads\/2023\/02\/penjam_fdh_enero2020-26-150x150.jpg\" class=\"attachment-thumbnail size-thumbnail\" alt=\"\" decoding=\"async\" loading=\"lazy\" \/><\/a>\n\t\t\t<\/div><\/figure><figure class='gallery-item'>\n\t\t\t<div class='gallery-icon landscape'>\n\t\t\t\t<a href='http:\/\/collectiupenjam.com\/penjam_fdh-10-jpg\/'><img width=\"150\" height=\"150\" src=\"http:\/\/collectiupenjam.com\/wp-content\/uploads\/2023\/02\/penjam_fdh-10-150x150.jpg\" class=\"attachment-thumbnail size-thumbnail\" alt=\"\" decoding=\"async\" loading=\"lazy\" \/><\/a>\n\t\t\t<\/div><\/figure><figure class='gallery-item'>\n\t\t\t<div class='gallery-icon landscape'>\n\t\t\t\t<a href='http:\/\/collectiupenjam.com\/penjam_fdh-5-jpg\/'><img width=\"150\" height=\"150\" src=\"http:\/\/collectiupenjam.com\/wp-content\/uploads\/2023\/02\/penjam_fdh-5-150x150.jpg\" class=\"attachment-thumbnail size-thumbnail\" alt=\"\" decoding=\"async\" loading=\"lazy\" \/><\/a>\n\t\t\t<\/div><\/figure><figure class='gallery-item'>\n\t\t\t<div class='gallery-icon landscape'>\n\t\t\t\t<a href='http:\/\/collectiupenjam.com\/penjam_fdh-2-jpg\/'><img width=\"150\" height=\"150\" src=\"http:\/\/collectiupenjam.com\/wp-content\/uploads\/2023\/02\/penjam_fdh-2-150x150.jpg\" class=\"attachment-thumbnail size-thumbnail\" alt=\"\" decoding=\"async\" loading=\"lazy\" \/><\/a>\n\t\t\t<\/div><\/figure>\n\t\t<\/div>\n\n<\/blockquote>\n<div dir=\"auto\" style=\"color: #ffffff; font-family: sans-serif; font-size: 12.8px; font-style: normal; font-variant-ligatures: normal; font-variant-caps: normal; font-weight: 400; letter-spacing: normal; orphans: 2text-indent:0px; text-transform: none; white-space: normal; widows: 2; word-spacing: 0px; -webkit-text-stroke-width: 0px; text-decoration-thickness: initial; text-decoration-style: initial; text-decoration-color: initial; text-align: left;\">\n<h2 style=\"text-align: center;\"><em><strong>Penja&#8217;m \u00e9s un projecte d&#8217;arts esc\u00e8niques i pl\u00e0stiques que t\u00e9 com a objectiu apropar la M\u00fasica electroac\u00fastica , la Dansa,Performance, Llum,<\/strong><\/em><em><strong>Audiovisuals , Arts pl\u00e0stiques a un p\u00fablic obert a noves experi\u00e8ncies sonores i visuals mitjan\u00e7ant diverses din\u00e0miques per\u00f2 sempre des de la improvisaci\u00f3.<\/strong><\/em><\/h2>\n<\/div>\n<h1>\u00a0<\/h1>\n\n\n<figure class=\"wp-block-embed is-type-video is-provider-youtube wp-block-embed-youtube wp-embed-aspect-16-9 wp-has-aspect-ratio\"><div class=\"wp-block-embed__wrapper\">\n<iframe loading=\"lazy\" title=\"PenJa&#039;m\" width=\"580\" height=\"326\" src=\"https:\/\/www.youtube.com\/embed\/s0Wmr0VcFIY?feature=oembed\" frameborder=\"0\" allow=\"accelerometer; autoplay; clipboard-write; encrypted-media; gyroscope; picture-in-picture; web-share\" allowfullscreen><\/iframe>\n<\/div><\/figure>\n\n\n\n<h2 class=\"has-text-align-left\">Amb les nostres Penja&#8217;ms ho hem intentat fer ,a per exemple ,aquests espais :<\/h2>\n\n\n\n<ul>\n<li>No hay nada mejor que 27 amigos <\/li>\n\n\n\n<li>Tulsa Caf\u00e9 <\/li>\n\n\n\n<li>Biblioteca P\u00fablica de Val\u00e8ncia<\/li>\n\n\n\n<li>F\u00e1brica de Hielo<\/li>\n\n\n\n<li>Claustre G\u00f2tic del C.C.C.C. <\/li>\n\n\n\n<li>Veles e Vents. Amstel Arts Events <\/li>\n\n\n\n<li>Valencia Improv Festival (3a Edici\u00f3n)<\/li>\n\n\n\n<li>Sporting Club Russafa <\/li>\n<\/ul>\n\n\n\n<figure class=\"wp-block-embed is-type-video is-provider-youtube wp-block-embed-youtube wp-embed-aspect-16-9 wp-has-aspect-ratio\"><div class=\"wp-block-embed__wrapper\">\n<iframe loading=\"lazy\" title=\"Primeres Penja&#039;m\" width=\"580\" height=\"326\" src=\"https:\/\/www.youtube.com\/embed\/ZqBUHZw2g6w?feature=oembed\" frameborder=\"0\" allow=\"accelerometer; autoplay; clipboard-write; encrypted-media; gyroscope; picture-in-picture; web-share\" allowfullscreen><\/iframe>\n<\/div><\/figure>\n\n\n\n<figure class=\"wp-block-embed is-type-video is-provider-youtube wp-block-embed-youtube wp-embed-aspect-4-3 wp-has-aspect-ratio\"><div class=\"wp-block-embed__wrapper\">\n<iframe loading=\"lazy\" title=\"Penja&#039;m Live Amstel Art Valencia 2019\" width=\"580\" height=\"435\" src=\"https:\/\/www.youtube.com\/embed\/UOFNSmFDka0?feature=oembed\" frameborder=\"0\" allow=\"accelerometer; autoplay; clipboard-write; encrypted-media; gyroscope; picture-in-picture; web-share\" allowfullscreen><\/iframe>\n<\/div><\/figure>\n\n\n\n<figure class=\"wp-block-embed is-type-video is-provider-youtube wp-block-embed-youtube wp-embed-aspect-16-9 wp-has-aspect-ratio\"><div class=\"wp-block-embed__wrapper\">\n<iframe loading=\"lazy\" title=\"Penja&#039;m al Mic\" width=\"580\" height=\"326\" src=\"https:\/\/www.youtube.com\/embed\/sM2DF6rRmEo?feature=oembed\" frameborder=\"0\" allow=\"accelerometer; autoplay; clipboard-write; encrypted-media; gyroscope; picture-in-picture; web-share\" allowfullscreen><\/iframe>\n<\/div><\/figure>\n\n\n\n<figure class=\"wp-block-embed is-type-video is-provider-youtube wp-block-embed-youtube wp-embed-aspect-16-9 wp-has-aspect-ratio\"><div class=\"wp-block-embed__wrapper\">\n<iframe loading=\"lazy\" title=\"Penja&#039;m - Disecci\u00f3n - MDM\" width=\"580\" height=\"326\" src=\"https:\/\/www.youtube.com\/embed\/09d9MYCmTK4?start=1506&#038;feature=oembed\" frameborder=\"0\" allow=\"accelerometer; autoplay; clipboard-write; encrypted-media; gyroscope; picture-in-picture; web-share\" allowfullscreen><\/iframe>\n<\/div><\/figure>\n\n\n\n<figure class=\"wp-block-embed is-type-video is-provider-youtube wp-block-embed-youtube wp-embed-aspect-16-9 wp-has-aspect-ratio\"><div class=\"wp-block-embed__wrapper\">\n<iframe loading=\"lazy\" title=\"PenJa&#039;M en Tulsa Caf\u00e9\" width=\"580\" height=\"326\" src=\"https:\/\/www.youtube.com\/embed\/Aw1LW5HxYHA?feature=oembed\" frameborder=\"0\" allow=\"accelerometer; autoplay; clipboard-write; encrypted-media; gyroscope; picture-in-picture; web-share\" allowfullscreen><\/iframe>\n<\/div><\/figure>\n\n\n\n<figure class=\"wp-block-embed is-type-video is-provider-youtube wp-block-embed-youtube wp-embed-aspect-16-9 wp-has-aspect-ratio\"><div class=\"wp-block-embed__wrapper\">\n<iframe loading=\"lazy\" title=\"PenJa&#039;m\" width=\"580\" height=\"326\" src=\"https:\/\/www.youtube.com\/embed\/6_sP5Qt8R6k?feature=oembed\" frameborder=\"0\" allow=\"accelerometer; autoplay; clipboard-write; encrypted-media; gyroscope; picture-in-picture; web-share\" allowfullscreen><\/iframe>\n<\/div><\/figure>\n\n\n\n<figure class=\"wp-block-embed is-type-video is-provider-youtube wp-block-embed-youtube wp-embed-aspect-16-9 wp-has-aspect-ratio\"><div class=\"wp-block-embed__wrapper\">\n<iframe loading=\"lazy\" title=\"Actuaci\u00f3 de Col.lectiu Penja&#039;m\" width=\"580\" height=\"326\" src=\"https:\/\/www.youtube.com\/embed\/N_Ex_xeRo4o?start=2345&#038;feature=oembed\" frameborder=\"0\" allow=\"accelerometer; autoplay; clipboard-write; encrypted-media; gyroscope; picture-in-picture; web-share\" allowfullscreen><\/iframe>\n<\/div><\/figure>\n","protected":false},"excerpt":{"rendered":"<p>Penja&#8217;m \u00e9s un projecte d&#8217;arts esc\u00e8niques i pl\u00e0stiques que t\u00e9 com a objectiu apropar la M\u00fasica electroac\u00fastica , la Dansa,Performance, Llum,Audiovisuals , Arts pl\u00e0stiques a un p\u00fablic obert a noves experi\u00e8ncies sonores i visuals mitjan\u00e7ant diverses din\u00e0miques per\u00f2 sempre des de la improvisaci\u00f3. \u00a0 Amb les nostres Penja&#8217;ms ho hem intentat fer ,a per exemple [&hellip;]<\/p>\n","protected":false},"author":1,"featured_media":0,"parent":0,"menu_order":0,"comment_status":"closed","ping_status":"open","template":"","meta":[],"_links":{"self":[{"href":"http:\/\/collectiupenjam.com\/index.php\/wp-json\/wp\/v2\/pages\/2"}],"collection":[{"href":"http:\/\/collectiupenjam.com\/index.php\/wp-json\/wp\/v2\/pages"}],"about":[{"href":"http:\/\/collectiupenjam.com\/index.php\/wp-json\/wp\/v2\/types\/page"}],"author":[{"embeddable":true,"href":"http:\/\/collectiupenjam.com\/index.php\/wp-json\/wp\/v2\/users\/1"}],"replies":[{"embeddable":true,"href":"http:\/\/collectiupenjam.com\/index.php\/wp-json\/wp\/v2\/comments?post=2"}],"version-history":[{"count":32,"href":"http:\/\/collectiupenjam.com\/index.php\/wp-json\/wp\/v2\/pages\/2\/revisions"}],"predecessor-version":[{"id":451,"href":"http:\/\/collectiupenjam.com\/index.php\/wp-json\/wp\/v2\/pages\/2\/revisions\/451"}],"wp:attachment":[{"href":"http:\/\/collectiupenjam.com\/index.php\/wp-json\/wp\/v2\/media?parent=2"}],"curies":[{"name":"wp","href":"https:\/\/api.w.org\/{rel}","templated":true}]}}